{"id":5,"date":"2013-12-19T13:26:52","date_gmt":"2013-12-19T12:26:52","guid":{"rendered":"http:\/\/www.ecole-henri-matisse-damgan.fr\/site\/?page_id=5"},"modified":"2025-03-15T18:16:22","modified_gmt":"2025-03-15T17:16:22","slug":"a-propos","status":"publish","type":"page","link":"https:\/\/www.ecole-henri-matisse-damgan.fr\/site\/a-propos\/","title":{"rendered":"A propos"},"content":{"rendered":"<p>Bonjour,<\/p>\n<p>ce site a pour but de partager tout ce qu&rsquo;il est possible de partager autour de la vie scolaire de nos enfants. Nous ferons \u00e9videmment tr\u00e8s attention aux probl\u00e8mes d&rsquo;atteinte \u00e0 la vie priv\u00e9e.<\/p>\n<p>Ce site n&rsquo;appartient pas \u00e0 l&rsquo;acad\u00e9mie, c&rsquo;est une initiative ouverte, il souhaite servir de lieux d&rsquo;\u00e9change et d&rsquo;information.<\/p>\n<p>Il ne pr\u00e9tend pas remplacer les communications \u00ab\u00a0officielles\u00a0\u00bb puisque nous n&rsquo;oublions pas que toutes les familles ne sont pas connect\u00e9es \u00e0 Internet.<\/p>\n<p>J\u00e9r\u00f4me, parent d&rsquo;\u00e9l\u00e8ve<\/p>\n","protected":false},"excerpt":{"rendered":"<p>Bonjour, ce site a pour but de partager tout ce qu&rsquo;il est possible de partager autour de la vie scolaire de nos enfants. Nous ferons \u00e9videmment tr\u00e8s attention aux probl\u00e8mes d&rsquo;atteinte \u00e0 la vie priv\u00e9e. Ce site n&rsquo;appartient pas \u00e0 l&rsquo;acad\u00e9mie, c&rsquo;est une initiative ouverte, il souhaite servir de lieux d&rsquo;\u00e9change et d&rsquo;information. Il ne &#8230; <a title=\"A propos\" class=\"read-more\" href=\"https:\/\/www.ecole-henri-matisse-damgan.fr\/site\/a-propos\/\" aria-label=\"En savoir plus sur A propos\">Lire la suite<\/a><\/p>\n","protected":false},"author":1,"featured_media":0,"parent":0,"menu_order":0,"comment_status":"open","ping_status":"open","template":"","meta":{"jetpack_post_was_ever_published":false,"footnotes":""},"class_list":["post-5","page","type-page","status-publish"],"jetpack_shortlink":"https:\/\/wp.me\/P51MjH-5","jetpack_sharing_enabled":true,"_links":{"self":[{"href":"https:\/\/www.ecole-henri-matisse-damgan.fr\/site\/wp-json\/wp\/v2\/pages\/5","targetHints":{"allow":["GET"]}}],"collection":[{"href":"https:\/\/www.ecole-henri-matisse-damgan.fr\/site\/wp-json\/wp\/v2\/pages"}],"about":[{"href":"https:\/\/www.ecole-henri-matisse-damgan.fr\/site\/wp-json\/wp\/v2\/types\/page"}],"author":[{"embeddable":true,"href":"https:\/\/www.ecole-henri-matisse-damgan.fr\/site\/wp-json\/wp\/v2\/users\/1"}],"replies":[{"embeddable":true,"href":"https:\/\/www.ecole-henri-matisse-damgan.fr\/site\/wp-json\/wp\/v2\/comments?post=5"}],"version-history":[{"count":4,"href":"https:\/\/www.ecole-henri-matisse-damgan.fr\/site\/wp-json\/wp\/v2\/pages\/5\/revisions"}],"predecessor-version":[{"id":1000,"href":"https:\/\/www.ecole-henri-matisse-damgan.fr\/site\/wp-json\/wp\/v2\/pages\/5\/revisions\/1000"}],"wp:attachment":[{"href":"https:\/\/www.ecole-henri-matisse-damgan.fr\/site\/wp-json\/wp\/v2\/media?parent=5"}],"curies":[{"name":"wp","href":"https:\/\/api.w.org\/{rel}","templated":true}]}}